is the tens digit of 69?
6
What is the tens digit of 287?
8
What is the tens digit of 17934?
3
What is the tens digit of 4936?
3
What is the units digit of 1809?
9
What is the hundreds digit of 2263?
2
What is the ten thousands digit of 12702?
1
What is the units digit of 971?
1
What is the ten thousands digit of 36788?
3
What is the thousands digit of 29701?
9
What is the units digit of 6716?
6
What is the tens digit of 6926?
2
What is the hundreds digit of 5565?
5
What is the hundreds digit of 4903?
9
What is the tens digit of 2398?
9
What is the tens digit of 4363?
6
What is the ten thousands digit of 31574?
3
What is the tens digit of 155663?
6
What is the tens digit of 4862?
6
What is the tens digit of 1624?
2
What is the hundreds digit of 3529?
5
What is the tens digit of 15821?
2
What is the thousands digit of 2445?
2
What is the tens digit of 11110?
1
What is the thousands digit of 8511?
8
What is the units digit of 933?
3
What is the tens digit of 1411?
1
What is the hundreds digit of 911?
9
What is the units digit of 1862?
2
What is the units digit of 8285?
5
What is the tens digit of 3983?
8
What is the tens digit of 772?
7
What is the thousands digit of 1371?
1
What is the thousands digit of 1276?
1
What is the thousands digit of 163001?
3
What is the units digit of 63745?
5
What is the tens digit of 1955?
5
What is the tens digit of 82?
8
What is the ten thousands digit of 44017?
4
What is the tens digit of 666?
6
What is the hundreds digit of 243?
2
What is the tens digit of 776?
7
What is the hundreds digit of 69964?
9
What is the units digit of 115?
5
What is the tens digit of 4613?
1
What is the thousands digit of 1420?
1
What is the tens digit of 506?
0
What is the hundreds digit of 13505?
5
What is the tens digit of 1137?
3
What is the hundreds digit of 374?
3
What is the units digit of 13994?
4
What is the tens digit of 19052?
5
What is the tens digit of 43682?
8
What is the units digit of 64595?
5
What is the hundreds digit of 1089?
0
What is the hundreds digit of 4047?
0
What is the thousands digit of 1692?
1
What is the thousands digit of 1577?
1
What is the tens digit of 104038?
3
What is the hundreds digit of 2186?
1
What is the units digit of 541?
1
What is the thousands digit of 1446?
1
What is the units digit of 57436?
6
What is the units digit of 1701?
1
What is the thousands digit of 26208?
6
What is the hundreds digit of 81884?
8
What is the units digit of 2600?
0
What is the thousands digit of 3237?
3
What is the units digit of 1754?
4
What is the tens digit of 3392?
9
What is the tens digit of 14762?
6
What is the hundreds digit of 23845?
8
What is the units digit of 6970?
0
What is the hundreds digit of 3038?
0
What is the hundreds digit of 442?
4
What is the units digit of 126534?
4
What is the units digit of 70268?
8
What is the tens digit of 13366?
6
What is the thousands digit of 13035?
3
What is the tens digit of 9924?
2
What is the hundreds digit of 1683?
6
What is the hundreds digit of 48818?
8
What is the hundreds digit of 21355?
3
What is the hundreds digit of 9445?
4
What is the hundreds digit of 94195?
1
What is the units digit of 4786?
6
What is the units digit of 7272?
2
What is the thousands digit of 159041?
9
What is the units digit of 2548?
8
What is the units digit of 318?
8
What is the tens digit of 11181?
8
What is the ten thousands digit of 17838?
1
What is the hundreds digit of 2762?
7
What is the tens digit of 13529?
2
What is the thousands digit of 3619?
3
What is the hundreds digit of 93980?
9
What is the units digit of 77981?
1
What is the hundreds digit of 6237?
2
What is the tens digit of 26031?
3
What is the units digit of 2580?
0
What is the tens digit of 45604?
0
What is the ten thousands digit of 28725?
2
What is the tens digit of 7832?
3
What is the ten thousands digit of 28210?
2
What is the hundreds digit of 2818?
8
What is the thousands digit of 127475?
7
What is the tens digit of 81978?
7
What is the units digit of 64927?
7
What is the tens digit of 1796?
9
What is the hundreds digit of 956?
9
What is the hundreds digit of 2400?
4
What is the hundreds digit of 466?
4
What is the units digit of 718?
8
What is the tens digit of 14088?
8
What is the hundreds digit of 597?
5
What is the tens digit of 6840?
4
What is the hundred thousands digit of 163116?
1
What is the thousands digit of 2455?
2
What is the units digit of 542?
2
What is the tens digit of 878?
7
What is the units digit of 148950?
0
What is the thousands digit of 56996?
6
What is the thousands digit of 36098?
6
What is the thousands digit of 34486?
4
What is the hundreds digit of 35954?
9
What is the thousands digit of 4537?
4
What is the hundreds digit of 22891?
8
What is the hundred thousands digit of 104662?
1
What is the units digit of 14252?
2
What is the tens digit of 2153?
5
What is the thousands digit of 22386?
2
What is the tens digit of 4715?
1
What is the tens digit of 911?
1
What is the tens digit of 57475?
7
What is the hundreds digit of 156?
1
What is the units digit of 1707?
7
What is the hundreds digit of 4647?
6
What is the units digit of 34697?
7
What is the units digit of 959?
9
What is the tens digit of 726?
2
What is the hundreds digit of 517?
5
What is the tens digit of 852?
5
What is the thousands digit of 11154?
1
What is the hundreds digit of 8462?
4
What is the thousands digit of 11442?
1
What is the ten thousands digit of 14269?
1
What is the units digit of 1180?
0
What is the units digit of 936?
6
What is the tens digit of 3749?
4
What is the thousands digit of 11380?
1
What is the tens digit of 222?
2
What is the thousands digit of 2183?
2
What is the hundreds digit of 956?
9
What is the units digit of 1085?
5
What is the hundreds digit of 4916?
9
What is the thousands digit of 25128?
5
What is the thousands digit of 7321?
7
What is the tens digit of 95723?
2
What is the tens digit of 7524?
2
What is the units digit of 2404?
4
What is the hundreds digit of 5911?
9
What is the hundreds digit of 1846?
8
What is the units digit of 3524?
4
What is the units digit of 1200?
0
What is the units digit of 11657?
7
What is the units digit of 3492?
2
What is the thousands digit of 6411?
6
What is the tens digit of 1163?
6
What is the tens digit of 18137?
3
What is the tens digit of 3617?
1
What is the units digit of 724?
4
What is the units digit of 3063?
3
What is the tens digit of 8798?
9
What is the tens digit of 260?
6
What is the tens digit of 4594?
9
What is the hundreds digit of 228?
2
What is the units digit of 3499?
9
What is the units digit of 2880?
0
What is the hundreds digit of 768?
7
What is the units digit of 7225?
5
What is the thousands digit of 1349?
1
What is the tens digit of 2770?
7
What is the thousands digit of 5880?
5
What is the thousands digit of 16682?
6
What is the thousands digit of 29266?
9
What is the tens digit of 561?
6
What is the units digit of 2297?
7
What is the thousands digit of 7675?
7
What is the hundreds digit of 1713?
7
What is the tens digit of 4642?
4
What is the hundreds digit of 372?
3
What is the tens digit of 342?
4
What is the hundreds digit of 7771?
7
What is the units digit of 47?
7
What is the hundreds digit of 621?
6
What is the tens digit of 4338?
3
What is the hundreds digit of 233?
2
What is the tens digit of 40193?
9
What is the units digit of 3277?
7
What is the hundreds digit of 403?
4
What is the tens digit of 1778?
7
What is the units digit of 6579?
9
What is the ten thousands digit of 31968?
3
What is the units digit of 59058?
8
What is the thousands digit of 3219?
3
What is the hundreds digit of 2074?
0
What is the ten thousands digit of 60365?
6
What is the hundreds digit of 1225?
2
What is the units digit of 9764?
4
What is the thousands digit of 6535?
6
What is the hundreds digit of 2122?
1
What is the tens digit of 7819?
1
What is the tens digit of 7741?
4
What is the tens digit of 798?
9
What is the units digit of 7787?
7
What is the units digit of 59969?
9
What is the thousands digit of 9184?
9
What is the units digit of 580?
0
What is the tens digit of 6351?
5
What is the thousands digit of 2989?
2
What is the tens digit of 98659?
5
What is the units digit of 592?
2
What is the thousands digit of 1393?
1
What is the hundre